(-1 + (3 - -10))) - -4)?
-21
What is (1 - 69) + (-3156 - -3277)?
53
-80 + (-92 + 188 - 33)
-17
What is -45 + 66 + -18 + 50?
53
Calculate (9 - -37) + (-60 - (-67 - -28)).
25
-60 - -1 - (-4 + 8 + 36 - 22)
-77
Evaluate (18 - (-3 + 14 + 27)) + 12.
-8
Calculate (6 + 4 - -4 - (-117 + 122)) + 4.
13
What is the value of -13 + (0 - 10) + 210 + -201?
-14
What is the value of -9 + 9 - (-8 - -2) - ((2 - -2) + 34)?
-32
Calculate -4 - 15 - 3 - (577 - 672) - (-2 - 0).
75
Evaluate (-24 - 23) + (-10 + 69 - 36).
-24
What is the value of -116 + (16 - -77) - (-19 - -1)?
-5
Evaluate -7 + (130 - -1) - 70.
54
(60 - 84) + 34 - (-34 - -1)
43
6 - -1 - -2 - (349 + -396)
56
Evaluate -4 - (213 + (-183 - -88)).
-122
Calculate -75 - -105 - 16 - -59.
73
What is (32 - (12 + -11)) + -56?
-25
-6 + (17 - -1 - 1 - (-275 + 283)) + 102
105
What is (4 - (6 - -3)) + (-31 - -37 - 24)?
-23
Evaluate -8 + (-8 - 45) + 6 + (1 - (0 - 5)).
-49
Calculate 9 - -10 - (0 - (-3 + -4)) - (-33 + 11).
34
Evaluate 65 - (3 + 39) - -11.
34
Evaluate 21 - (-46 - -18 - -23).
26
What is the value of 55 - ((5 + -14 - (-15 + 9)) + -2 + 15)?
45
Calculate -22 - (45 + (21 - 47) - 3).
-38
What is -10 + -3 + (-19 - (-9 + 3 - -7)) - 7?
-40
What is the value of 8 - (-17 - (-21 + 14)) - -20?
38
What is (82 - -154) + -157 - -4?
83
Calculate 56 - (9 + 12 + 11 + -1).
25
Calculate -4 - 13 - (42 + 8 + (-23 - -10)).
-54
What is -156 + 200 + -69 - (-12 - 1)?
-12
What is the value of (2 - (4 + -18)) + (329 - 299)?
46
(-76 - -100 - -25) + 23
72
Calculate 24 - (16 - (4 + 27 - 29)).
10
Calculate -3 - (21 - ((-2 - (-5 - 10)) + 2 + -2)).
-11
Calculate 20 + (-59 - -32) - 5.
-12
What is 9 + 0 + (19 - 21) - (2 + 0)?
5
What is 62 - (157 + -125) - 35?
-5
What is the value of 0 + 1 + 7 + (60 - 51) + 3?
20
What is the value of 20 + (325 - 329 - (-2 + 152)) - 12?
-146
(0 + -2 - -8 - (4 - -1)) + (93 - 53)
41
Calculate 14 - (1 - 31 - (-395 - -396)).
45
What is 3 + -34 + -4 - (-185 - -204)?
-54
Calculate -13 + -2 + (7 - 4) + 1208 + -1237.
-41
Calculate (-22 + 3 - (2 - 10 - 6)) + -62.
-67
What is (26 - 17) + -7 + 4 - -3?
9
What is the value of -2126 + 2126 - (0 + -40)?
40
Evaluate -9 + -15 + (-6 - (5 + -3)).
-32
Evaluate (1 - -9 - ((21 - -8 - 25) + -38)) + 3.
47
-40 - 1 - (-1 - (-36 - -22))
-54
Calculate (-8 - -15) + -7 + 2 + 7 + -17 + 3.
-5
What is -76 - (-54 + -54) - (91 + -3)?
-56
Evaluate -7 + (-139 - -126 - (-8 - 1)) + -6.
-17
Evaluate -27 + (-11 - -18) + (9 - -75 - 12).
52
Evaluate (114 - (27 + 104)) + -11 + 1.
-27
What is (200 - 61) + -97 - (0 + 129)?
-87
Evaluate (92 - 12) + -44 + -86.
-50
What is -34 - (-33 - (9 - 20) - -41) - 16?
-69
What is the value of -39 - (-175 + 14) - 61?
61
What is -4 + (-1394 + 1399 - ((2 - 18) + 1))?
16
What is 2 + 45 + -2 + 2 + 10 + 974 + -987?
44
What is 74 + (50 - (109 - 57) - (-10 - -1))?
81
What is the value of 8 + 36 + 45 + -52?
37
Calculate (-17 - (-3 - 70) - (7 - 8)) + 14.
71
Evaluate -13 - (-6 - -38 - 39) - (0 - 3 - 1).
-2
What is -43 + 2 - ((-54 - -25) + 28)?
-40
Calculate 73 - (40 + -19 + -15 - -5).
62
(-90 - (-38 - 23)) + -2 + -8
-39
What is the value of 0 - (3 + -2) - (-229 + 185)?
43
What is the value of (22 - 0 - 5) + 2 + -19?
0
What is 13 - 48 - -46 - (-18 - 2)?
31
What is 2 - 75 - (-6 - -39 - (-31 + 50))?
-87
Evaluate (3 - -1) + (-68 + -1 - -24).
-41
Evaluate -84 + (-11 - -27 - 6) + 15 + 7.
-52
What is the value of -92 + (-1 - 6 - (-29 + 31 - 9 - 15))?
-77
What is (-3 - 8) + (135 - 73) - (-1 + 15)?
37
What is -1 + -8 + -72 + 114 - 7?
26
Evaluate (-2 - -14 - 19 - -16) + -20.
-11
Evaluate -28 - ((-2 - -21) + -16 - 10).
-21
Evaluate -23 - (61 + 72 - 76).
-80
-23 + (18 - -21) + -25
-9
(68 - 137) + 125 + -140
-84
Evaluate (17 - (-7 - -20)) + (-1 - 0 - 34).
-31
What is the value of 30 + 33 + -135 + 3 - (-3 - 5)?
-61
Evaluate 184 + -1 + -95 - -8.
96
What is (55 - 2) + (6 - (1 + 7)) - (55 + -59)?
55
-50 - (20 + -23 + -8 - (5 - (28 - 4)))
-58
(113 - 116) + (-4 - (-100 - 1 - 4)) + 3
101
(-9 + -11 - -10) + (5 + 2 - 14 - -39)
22
Calculate 2 + 73 + (21 - 151).
-55
What is the value of 8 + 0 + (43 - 70 - (-17 - 0))?
-2
What is the value of 0 - ((343 - 373) + 1 + 17 + 72)?
-60
What is the value of 4 - (416 - 425 - (-64 - (-4 + (6 - 2))))?
-51
What is the value of -13 + 23 + -35 - -20 - (73 - 0)?
-78
Calculate 156 + 0 + (-96 + 43 - -23).
126
Calculate (78 + -4 - 84) + (1 - (2 + 9)).
-20
39 + 78 + -127 - (4 + (1 - -66))
-81
What is the value of 5346 - 5240 - (4 - 2)?
104
What is the value of -678 + 666 + (-5 - (6 - 122))?
99
Calculate (11 - 33) + 3 + 12 - -1.
-6
What is the value of (21 - 12) + -14 + -27 + 4 + 4?
-24
(-1 - (7 - (0 + 0))) + (-61 - (27 + -70))
-26
-120 - (-76 + (-51 - -61))
-54
What is the value of -6 - -13 - 0 - 16 - (13 - 7) - 62?
-77
What is 0 + (-3 + 12 - 13 - (9 + 3))?
-16
Calculate 1 + -16 + -1 + 10 + 3 + 7 - 64.
-60
5 + -1 + (13 + -20 - -13 - -18)
28
(48 - 13) + (-60 + 53 - 118)
-90
What is 12 + (4 - (0 - -2 - (61 - 55)))?
20
Calculate 64 + -75 + (-11 - -6 - 38).
-54
Evaluate 154 - (-93 + 36) - 121.
90
What is the value of 880 + -871 + (0 - 50) + (-6 - (5 - 10))?
-42
What is 1 + 4 + 40 + 1 + -9?
37
What is the value of (16 - (5 + 0) - 2) + -4 + -77 + 12?
-60
-29 + 25 - -64 - (15 + -2)
47
What is the value of (-64 - (-91 + 35)) + (35 - (1 - -1))?
25
What is 85 - (-63 - 20 - -132)?
36
Evaluate 2 + -38 + 10 + -99 + 22.
-103
What is -21 + (-1 - -12 - (0 - (4 - -13 - 24)))?
-17
Evaluate 13 + (-24 - -18) + 32 - 154.
-115
Calculate 15 - (44 + -29 - -4).
-4
Calculate 9 - (1 + -64) - (-909 - -890).
91
Evaluate -28 + (26 - (36 - 96)).
58
-20 + (-3 + 72 - (28 - 25))
46
Evaluate 2 - (11 + -12 - -75 - (-33 - -31)).
-74
-40 + (-35 - -17) + 31 + -2
-29
What is -16 + 0 + (-912 - -892)?
-36
0 - ((-1 - (-8 + 29)) + 18) - (1 + -14)
17
Calculate (-94 - 2) + 13 + 13 + -33 + -7 + 2.
-108
Calculate -27 + 10 + -18 + 13 + -8 + 8.
-22
Calculate 1 + -8 - (77 - 92 - (0 - (-2 + 45))).
-35
What is (39 - (21 - 9)) + (-5 - 1) + -7?
14
What is the value of (-102 - (15 + (-2 + -14 - -3))) + 19?
-85
What is (-31 - (0 + -8 + -6)) + -10?
-27
What is the value of -25 + 6 + 6 + (-20 - -19)?
-14
What is the value of 18 - (-2 - -5) - (-33 - (33 - 39))?
42
19 + 6 + (4 - 17) + 27
39
Evaluate -9 - (-38 + 11 + (19 - -9)).
-10
Evaluate -2702 + 2730 + 4 + 25.
57
What is the value of 5 - (-3 - -12 - (33 - 16 - 22))?
-9
6 + -7 + -3 - 2 - (29 + -75)
40
(-12 - (14 + -7)) + -28 + (2 - -1)
-44
Evaluate -45 - ((-2 - 1) + 3018 + -3119).
59
-73 - (30 + -35 + 24 + -5 + 7)
-94
Evaluate -6 + (49 - 28) - 35.
-20
Calculate 1 + (-60 - (-51 - -92) - (-3 + (-2 - -1))).
-96
Evaluate 37 + -4 + -42 + 6 - ((-2 - 1) + -57).
57
-8 - (27 + -1 + -73)
39
What is -35 + -16 + 47 + -5?
-9
Evaluate -22 + -9 - ((2 - 8) + 2 + -1).
-26
What is (-70 - -84) + -73 + 57?
-2
-15 + -17 + 29 + 93 - 15
75
-29 - 0 - (-197 + 272 - 72)
-32
Evaluate (-23 - -11 - -16 - 13) + 41 + 1.
33
26 + -5 - ((-111 - -38) + 120)
-26
What is 15 + 3 + (19 - (-7 - -5))?
39
Calculate 27 + (43 - (1 - -17)) + -109.
-57
What is the value of -5 - 22 - -30 - (61 - -5)?
-63
What is 57 + -13 - (187 + (-3 - 8))?
-132
What is the value of 520 + -536 - (-4 - (13 + -2))?
-1
What is (-3 - -7) + 11 - -7 - 10?
12
49 + 1 + -38 + (-17 - -3)
-2
7 - 46 - -51 - 47
-35
What is 37 + -46 - 13 - (0 - -8)?
-30
-114 + 83 + 13 - 109
-127
Calculate -9 + 88 + 75 + -42.
112
What is 3 - (-55 - -93) - -29?
-6
Evaluate 128 + (79 - 179) + 73.
101
What is the value of 32 + (-16 - -9) - (-54 - -91)?
-12
59 + -19 + 46 + -28 + 11
69
(35 + -70 - -47) + (1 + -4 - -49)
58
-1 + 4 + 3 - (-2 + 0) - (3807 + -3768)
-31
-3 + 3 + -1 + -11 + 1401 + -1534 - 3
-148
Evaluate 110 + -53 - (94 + -7).
-30
Evaluate (7 - 0 - (19 + -4 + -11)) + -3 + -47.
-47
What is -1 - -1 - (-67 - (4 - 3) - -27)?
41
Evaluate 14 + (37 - (93 - -7)).
-49
Calculate -1 + 0 + (1441 - 1391 - (48 - 2)).
3
Calculate 417 - 436 - ((4 - (2 + -4)) + 104 + -107).
-22
What is the value of -20 + -43 + 4 + 43?
-16
Evaluate 48 + (27 - (-48 + 140)).
-17
What is the value of -42 + 1 + (0 + 18 - (96 - 89))?
-30
Calculate (25 - (-4 - -3)) + (-16 - (16 + -48) - 19).
23
What is the value of 21 - ((31 - 5) + -84 + 13)?
66
What is 8 + 25 - -56 - 36?
53
Calculate 86 - (31 + (-1 - -6 - 21)).
71
Evaluate 15 + 28 + -27 + -14 + 0 + -10.
-8
What is the value of (-1 + 9 - 2) + (472 - 489)?
-